{"id":241,"date":"2023-01-23T16:29:26","date_gmt":"2023-01-23T15:29:26","guid":{"rendered":"https:\/\/veronikasouckova.cz\/?page_id=241"},"modified":"2025-12-18T11:04:11","modified_gmt":"2025-12-18T10:04:11","slug":"akce-loona-dance-2","status":"publish","type":"page","link":"https:\/\/veronikasouckova.cz\/?page_id=241","title":{"rendered":"Akce Loona Dance"},"content":{"rendered":"\n<p class=\"has-text-align-center has-black-color has-text-color has-background has-medium-font-size\" style=\"background:linear-gradient(135deg,rgb(255,105,0) 100%,rgb(207,46,46) 100%)\">Lekce Loona Dance, kurzy, workshopy<\/p>\n\n\n\n<p class=\"has-text-align-center has-medium-font-size\"><strong>Praha \u2013 <a href=\"https:\/\/www.maitrea.cz\/\">Maitrea<\/a><\/strong><br><em><strong><br>Kurz Loona Dance<\/strong><\/em>&nbsp;v Maitree (T\u00fdnsk\u00e1 uli\u010dka)&nbsp;<strong>zima 2026<\/strong>&nbsp;\u2013 6x3h klasick\u00e1 lekce v term\u00ednech 14.1., 28.1., 11.2., 25.2., 11.3. a 25.3. od 18:30-21:30.<\/p>\n\n\n\n<p class=\"has-text-align-center has-medium-font-size\">Cena 3500,-<\/p>\n\n\n\n<p class=\"has-text-align-center has-medium-font-size\">Rezervace a platba nutn\u00e1 p\u0159edem.<\/p>\n\n\n\n<p class=\"has-text-align-center has-medium-font-size\">Kontakt:&nbsp;<strong>604 232 510 nebo verca.souckova@gmail.com<\/strong><\/p>\n\n\n<div class=\"wp-block-image\">\n<figure class=\"aligncenter\"><img loading=\"lazy\" decoding=\"async\" width=\"700\" height=\"587\" src=\"https:\/\/veronikasouckova.cz\/wp-content\/uploads\/2025\/12\/Zimni-kurz-LOONA-DANCE-1-1-700x587.png\" alt=\"\" class=\"wp-image-754\" srcset=\"https:\/\/veronikasouckova.cz\/wp-content\/uploads\/2025\/12\/Zimni-kurz-LOONA-DANCE-1-1-700x587.png 700w, https:\/\/veronikasouckova.cz\/wp-content\/uploads\/2025\/12\/Zimni-kurz-LOONA-DANCE-1-1-300x251.png 300w, https:\/\/veronikasouckova.cz\/wp-content\/uploads\/2025\/12\/Zimni-kurz-LOONA-DANCE-1-1-768x644.png 768w, https:\/\/veronikasouckova.cz\/wp-content\/uploads\/2025\/12\/Zimni-kurz-LOONA-DANCE-1-1.png 940w\" sizes=\"auto, (max-width: 700px) 100vw, 700px\" \/><\/figure>\n<\/div>\n\n\n<p class=\"has-medium-font-size\"><\/p>\n\n\n\n<p class=\"has-text-align-center has-medium-font-size\"><\/p>\n\n\n\n<p><\/p>\n","protected":false},"excerpt":{"rendered":"<p>Lekce Loona Dance, kurzy, workshopy Praha \u2013 MaitreaKurz Loona Dance&nbsp;v Maitree (T\u00fdnsk\u00e1 uli\u010dka)&nbsp;zima 2026&nbsp;\u2013 6x3h klasick\u00e1 lekce v term\u00ednech 14.1., 28.1., 11.2., 25.2., 11.3. a 25.3. od 18:30-21:30. Cena 3500,- Rezervace a platba nutn\u00e1 p\u0159edem. Kontakt:&nbsp;604 232 510 nebo verca.souckova@gmail.com<\/p>\n","protected":false},"author":3,"featured_media":423,"parent":0,"menu_order":0,"comment_status":"closed","ping_status":"closed","template":"","meta":{"footnotes":""},"class_list":["post-241","page","type-page","status-publish","has-post-thumbnail","hentry"],"_links":{"self":[{"href":"https:\/\/veronikasouckova.cz\/index.php?rest_route=\/wp\/v2\/pages\/241","targetHints":{"allow":["GET"]}}],"collection":[{"href":"https:\/\/veronikasouckova.cz\/index.php?rest_route=\/wp\/v2\/pages"}],"about":[{"href":"https:\/\/veronikasouckova.cz\/index.php?rest_route=\/wp\/v2\/types\/page"}],"author":[{"embeddable":true,"href":"https:\/\/veronikasouckova.cz\/index.php?rest_route=\/wp\/v2\/users\/3"}],"replies":[{"embeddable":true,"href":"https:\/\/veronikasouckova.cz\/index.php?rest_route=%2Fwp%2Fv2%2Fcomments&post=241"}],"version-history":[{"count":23,"href":"https:\/\/veronikasouckova.cz\/index.php?rest_route=\/wp\/v2\/pages\/241\/revisions"}],"predecessor-version":[{"id":761,"href":"https:\/\/veronikasouckova.cz\/index.php?rest_route=\/wp\/v2\/pages\/241\/revisions\/761"}],"wp:featuredmedia":[{"embeddable":true,"href":"https:\/\/veronikasouckova.cz\/index.php?rest_route=\/wp\/v2\/media\/423"}],"wp:attachment":[{"href":"https:\/\/veronikasouckova.cz\/index.php?rest_route=%2Fwp%2Fv2%2Fmedia&parent=241"}],"curies":[{"name":"wp","href":"https:\/\/api.w.org\/{rel}","templated":true}]}}