{"id":33,"date":"2023-01-07T20:05:44","date_gmt":"2023-01-07T19:05:44","guid":{"rendered":"https:\/\/veronikasouckova.cz\/?page_id=33"},"modified":"2025-12-18T10:54:12","modified_gmt":"2025-12-18T09:54:12","slug":"moje-kapely","status":"publish","type":"page","link":"https:\/\/veronikasouckova.cz\/","title":{"rendered":"Moje kapely"},"content":{"rendered":"\n<p class=\"has-text-align-center has-luminous-vivid-amber-background-color has-background has-medium-font-size\"><strong>Sou\u010dasnost<\/strong><\/p>\n\n\n\n<p class=\"has-text-align-center has-medium-font-size\"><strong><a href=\"https:\/\/spiritualkvartet.cz\/\" data-type=\"URL\" data-id=\"https:\/\/spiritualkvartet.cz\/\" target=\"_blank\" rel=\"noreferrer noopener\">Spiritu\u00e1l kvartet <\/a><\/strong><br>od roku 2021 kapela navazuj\u00edc\u00ed na Spiritu\u00e1l kvintet&nbsp;<\/p>\n\n\n\n<p class=\"has-text-align-center\"><img loading=\"lazy\" decoding=\"async\" width=\"458\" height=\"305\" class=\"wp-image-181\" style=\"width: 458px;\" src=\"https:\/\/veronikasouckova.cz\/wp-content\/uploads\/2023\/01\/SK_spojeno2.jpg\" alt=\"\" srcset=\"https:\/\/veronikasouckova.cz\/wp-content\/uploads\/2023\/01\/SK_spojeno2.jpg 2048w, https:\/\/veronikasouckova.cz\/wp-content\/uploads\/2023\/01\/SK_spojeno2-300x200.jpg 300w, https:\/\/veronikasouckova.cz\/wp-content\/uploads\/2023\/01\/SK_spojeno2-700x467.jpg 700w, https:\/\/veronikasouckova.cz\/wp-content\/uploads\/2023\/01\/SK_spojeno2-768x512.jpg 768w, https:\/\/veronikasouckova.cz\/wp-content\/uploads\/2023\/01\/SK_spojeno2-1536x1024.jpg 1536w\" sizes=\"auto, (max-width: 458px) 100vw, 458px\" \/><\/p>\n\n\n\n<p class=\"has-text-align-center has-medium-font-size\"><strong>Koncerty<\/strong>: viz li\u0161ta Koncerty<\/p>\n\n\n\n<p class=\"has-text-align-center\"><strong>CD Spiritu\u00e1l kvartet<\/strong> <strong>2024<\/strong><\/p>\n\n\n<div class=\"wp-block-image\">\n<figure class=\"aligncenter size-large is-resized\"><img loading=\"lazy\" decoding=\"async\" width=\"700\" height=\"700\" src=\"https:\/\/veronikasouckova.cz\/wp-content\/uploads\/2024\/08\/Spiritual_album_cover-700x700.jpg\" alt=\"\" class=\"wp-image-627\" style=\"width:450px;height:auto\" srcset=\"https:\/\/veronikasouckova.cz\/wp-content\/uploads\/2024\/08\/Spiritual_album_cover-700x700.jpg 700w, https:\/\/veronikasouckova.cz\/wp-content\/uploads\/2024\/08\/Spiritual_album_cover-300x300.jpg 300w, https:\/\/veronikasouckova.cz\/wp-content\/uploads\/2024\/08\/Spiritual_album_cover-150x150.jpg 150w, https:\/\/veronikasouckova.cz\/wp-content\/uploads\/2024\/08\/Spiritual_album_cover-768x768.jpg 768w, https:\/\/veronikasouckova.cz\/wp-content\/uploads\/2024\/08\/Spiritual_album_cover-1536x1536.jpg 1536w, https:\/\/veronikasouckova.cz\/wp-content\/uploads\/2024\/08\/Spiritual_album_cover-100x100.jpg 100w, https:\/\/veronikasouckova.cz\/wp-content\/uploads\/2024\/08\/Spiritual_album_cover.jpg 1772w\" sizes=\"auto, (max-width: 700px) 100vw, 700px\" \/><\/figure>\n<\/div>\n\n<div class=\"wp-block-image\">\n<figure class=\"aligncenter size-large is-resized\"><img loading=\"lazy\" decoding=\"async\" width=\"700\" height=\"630\" src=\"https:\/\/veronikasouckova.cz\/wp-content\/uploads\/2024\/08\/IMG_2293-700x630.jpeg\" alt=\"\" class=\"wp-image-628\" style=\"width:452px;height:auto\" srcset=\"https:\/\/veronikasouckova.cz\/wp-content\/uploads\/2024\/08\/IMG_2293-700x630.jpeg 700w, https:\/\/veronikasouckova.cz\/wp-content\/uploads\/2024\/08\/IMG_2293-300x270.jpeg 300w, https:\/\/veronikasouckova.cz\/wp-content\/uploads\/2024\/08\/IMG_2293-768x691.jpeg 768w, https:\/\/veronikasouckova.cz\/wp-content\/uploads\/2024\/08\/IMG_2293-1536x1382.jpeg 1536w, https:\/\/veronikasouckova.cz\/wp-content\/uploads\/2024\/08\/IMG_2293-2048x1843.jpeg 2048w\" sizes=\"auto, (max-width: 700px) 100vw, 700px\" \/><\/figure>\n<\/div>\n\n<div class=\"wp-block-image\">\n<figure class=\"aligncenter size-large is-resized\"><img loading=\"lazy\" decoding=\"async\" width=\"700\" height=\"634\" src=\"https:\/\/veronikasouckova.cz\/wp-content\/uploads\/2024\/08\/IMG_2294-700x634.jpeg\" alt=\"\" class=\"wp-image-648\" style=\"width:456px;height:auto\" srcset=\"https:\/\/veronikasouckova.cz\/wp-content\/uploads\/2024\/08\/IMG_2294-700x634.jpeg 700w, https:\/\/veronikasouckova.cz\/wp-content\/uploads\/2024\/08\/IMG_2294-300x272.jpeg 300w, https:\/\/veronikasouckova.cz\/wp-content\/uploads\/2024\/08\/IMG_2294-768x696.jpeg 768w, https:\/\/veronikasouckova.cz\/wp-content\/uploads\/2024\/08\/IMG_2294-1536x1391.jpeg 1536w, https:\/\/veronikasouckova.cz\/wp-content\/uploads\/2024\/08\/IMG_2294-2048x1855.jpeg 2048w\" sizes=\"auto, (max-width: 700px) 100vw, 700px\" \/><\/figure>\n<\/div>\n\n\n<p><br><br><\/p>\n\n\n\n<p class=\"has-text-align-center has-luminous-vivid-amber-background-color has-background has-medium-font-size\"><strong><em>Historie<\/em><\/strong><\/p>\n\n\n\n<p class=\"has-text-align-center has-medium-font-size\"><strong>Spiritu\u00e1l kvintet <\/strong><br>12 let \u00fa\u010dinkov\u00e1n\u00ed s\u202flegend\u00e1rn\u00ed folkovou kapelou<br><br>&nbsp;<img loading=\"lazy\" decoding=\"async\" width=\"458\" height=\"305\" class=\"wp-image-92\" style=\"width: 458px;\" src=\"https:\/\/veronikasouckova.cz\/wp-content\/uploads\/2023\/01\/2015-55-let-Kvintet-Lucerna-2-scaled.jpg\" alt=\"\" srcset=\"https:\/\/veronikasouckova.cz\/wp-content\/uploads\/2023\/01\/2015-55-let-Kvintet-Lucerna-2-scaled.jpg 2560w, https:\/\/veronikasouckova.cz\/wp-content\/uploads\/2023\/01\/2015-55-let-Kvintet-Lucerna-2-300x200.jpg 300w, https:\/\/veronikasouckova.cz\/wp-content\/uploads\/2023\/01\/2015-55-let-Kvintet-Lucerna-2-700x467.jpg 700w, https:\/\/veronikasouckova.cz\/wp-content\/uploads\/2023\/01\/2015-55-let-Kvintet-Lucerna-2-768x512.jpg 768w, https:\/\/veronikasouckova.cz\/wp-content\/uploads\/2023\/01\/2015-55-let-Kvintet-Lucerna-2-1536x1024.jpg 1536w, https:\/\/veronikasouckova.cz\/wp-content\/uploads\/2023\/01\/2015-55-let-Kvintet-Lucerna-2-2048x1365.jpg 2048w\" sizes=\"auto, (max-width: 458px) 100vw, 458px\" \/><\/p>\n\n\n\n<p>CD s mou \u00fa\u010dast\u00ed<\/p>\n\n\n\n<ul class=\"wp-block-list\">\n<li>CD \u010cerstv\u00fd v\u00edtr (2012)&nbsp;<\/li>\n<\/ul>\n\n\n\n<ul class=\"wp-block-list\">\n<li>CD Spiritu\u00e1l kvintet, Hradi\u0161\u0165an a Dagmar Peckov\u00e1 (2020)&nbsp;<\/li>\n<\/ul>\n\n\n\n<ul class=\"wp-block-list\">\n<li>CD kompilace Zp\u00edvat se nep\u0159estane (2021)&nbsp;<\/li>\n<\/ul>\n\n\n\n<p class=\"has-text-align-center has-medium-font-size\"><strong><a rel=\"noreferrer noopener\" href=\"https:\/\/www.facebook.com\/USBband.CZ\/\" target=\"_blank\">USB band<\/a><\/strong> &#8211; folkrockov\u00e1 kapela<br>Utajen\u00e1 Sb\u00edrka B\u00e1sn\u00ed p\u0159etvo\u0159en\u00e1 v p\u00edsn\u011b o v\u00e1\u0161ni, l\u00e1sce, bolesti, fantazii, v\u00ed\u0159e, kr\u00e1se, hv\u011bzd\u00e1ch, receptu na \u0161t\u011bst\u00ed&nbsp;<br><br><a href=\"https:\/\/www.facebook.com\/USBband.CZ\"><img loading=\"lazy\" decoding=\"async\" width=\"458\" height=\"305\" class=\"wp-image-107\" style=\"width: 458px;\" src=\"https:\/\/veronikasouckova.cz\/wp-content\/uploads\/2023\/01\/2020-kapela-USBband-foto-Kevin-Cumimns.jpg\" alt=\"\" srcset=\"https:\/\/veronikasouckova.cz\/wp-content\/uploads\/2023\/01\/2020-kapela-USBband-foto-Kevin-Cumimns.jpg 1200w, https:\/\/veronikasouckova.cz\/wp-content\/uploads\/2023\/01\/2020-kapela-USBband-foto-Kevin-Cumimns-300x200.jpg 300w, https:\/\/veronikasouckova.cz\/wp-content\/uploads\/2023\/01\/2020-kapela-USBband-foto-Kevin-Cumimns-700x467.jpg 700w, https:\/\/veronikasouckova.cz\/wp-content\/uploads\/2023\/01\/2020-kapela-USBband-foto-Kevin-Cumimns-768x512.jpg 768w\" sizes=\"auto, (max-width: 458px) 100vw, 458px\" \/><\/a><br><br>Uk\u00e1zka &#8211; p\u00edse\u0148 Poh\u0159ebi\u0161t\u011b hv\u011bzd:<\/p>\n\n\n\n<figure class=\"wp-block-embed is-type-rich is-provider-obslu-n-rutina-k-du-pro-vlo-en wp-block-embed-obslu-n-rutina-k-du-pro-vlo-en wp-embed-aspect-16-9 wp-has-aspect-ratio\"><div class=\"wp-block-embed__wrapper\">\n<iframe loading=\"lazy\" title=\"Pohr\u030cebis\u030cte\u030c hve\u030czd\" width=\"525\" height=\"295\" src=\"https:\/\/www.youtube.com\/embed\/imoRncVsXeo?feature=oembed\" frameborder=\"0\" allow=\"accelerometer; autoplay; clipboard-write; encrypted-media; gyroscope; picture-in-picture; web-share\" referrerpolicy=\"strict-origin-when-cross-origin\" allowfullscreen><\/iframe>\n<\/div><\/figure>\n\n\n\n<p><\/p>\n\n\n\n<p>CD Na ramenou nesu si (2020)<\/p>\n\n\n\n<p class=\"has-text-align-center has-white-background-color has-background has-medium-font-size\"><strong>Marw<\/strong> \u2013 10 let, kapela hraj\u00edc\u00ed irsk\u00fd folk&nbsp;&nbsp;<\/p>\n\n\n<div class=\"wp-block-image is-resized\">\n<figure class=\"aligncenter size-large\"><img loading=\"lazy\" decoding=\"async\" width=\"700\" height=\"525\" src=\"https:\/\/veronikasouckova.cz\/wp-content\/uploads\/2023\/01\/2013-kapela-Marw-promo-foto-700x525.jpg\" alt=\"\" class=\"wp-image-100\" srcset=\"https:\/\/veronikasouckova.cz\/wp-content\/uploads\/2023\/01\/2013-kapela-Marw-promo-foto-700x525.jpg 700w, https:\/\/veronikasouckova.cz\/wp-content\/uploads\/2023\/01\/2013-kapela-Marw-promo-foto-300x225.jpg 300w, https:\/\/veronikasouckova.cz\/wp-content\/uploads\/2023\/01\/2013-kapela-Marw-promo-foto-768x576.jpg 768w, https:\/\/veronikasouckova.cz\/wp-content\/uploads\/2023\/01\/2013-kapela-Marw-promo-foto-1536x1152.jpg 1536w, https:\/\/veronikasouckova.cz\/wp-content\/uploads\/2023\/01\/2013-kapela-Marw-promo-foto.jpg 1600w\" sizes=\"auto, (max-width: 700px) 100vw, 700px\" \/><\/figure>\n<\/div>\n\n\n<p>Spiritu\u00e1l kvintet a Marw v Tel\u010di&nbsp;<\/p>\n\n\n\n<figure class=\"wp-block-embed is-type-video is-provider-youtube wp-block-embed-youtube wp-embed-aspect-4-3 wp-has-aspect-ratio\"><div class=\"wp-block-embed__wrapper\">\n<iframe loading=\"lazy\" title=\"Marw a Spiritu\u00e1l kvintet\" width=\"525\" height=\"394\" src=\"https:\/\/www.youtube.com\/embed\/eJbghBFICgY?feature=oembed\" frameborder=\"0\" allow=\"accelerometer; autoplay; clipboard-write; encrypted-media; gyroscope; picture-in-picture; web-share\" referrerpolicy=\"strict-origin-when-cross-origin\" allowfullscreen><\/iframe>\n<\/div><\/figure>\n\n\n\n<p>CD s mou \u00fa\u010dast\u00ed<\/p>\n\n\n\n<ul class=\"wp-block-list\">\n<li>Suburban legends (2006)&nbsp;<\/li>\n<\/ul>\n\n\n\n<ul class=\"wp-block-list\">\n<li>Suburban safari (2010)&nbsp;<\/li>\n<\/ul>\n\n\n\n<p><\/p>\n\n\n\n<p class=\"has-text-align-center\">&nbsp;<strong>Ji\u0159\u00ed Wehle<\/strong> \u2013 renesan\u010dn\u00ed a trubad\u00farsk\u00e9 zp\u011bvy&nbsp;<\/p>\n\n\n\n<p><a href=\"https:\/\/jiriwehle.bandcamp.com\/album\/nov-trubad-rsk-zp-vy?fbclid=IwAR1fPLfak1LhUb8A_FDMFIVCn8dbkfxZU1OWLX3SzHKmIDix800kmdMPrpk\" target=\"_blank\" rel=\"noreferrer noopener\">CD Nov\u00e9 trubad\u00farsk\u00e9 zp\u011bvy (1991)&nbsp;<\/a><\/p>\n\n\n\n<p><\/p>\n","protected":false},"excerpt":{"rendered":"<p>Sou\u010dasnost Spiritu\u00e1l kvartet od roku 2021 kapela navazuj\u00edc\u00ed na Spiritu\u00e1l kvintet&nbsp; Koncerty: viz li\u0161ta Koncerty CD Spiritu\u00e1l kvartet 2024 Historie Spiritu\u00e1l kvintet 12 let \u00fa\u010dinkov\u00e1n\u00ed s\u202flegend\u00e1rn\u00ed folkovou kapelou &nbsp; CD s mou \u00fa\u010dast\u00ed USB band &#8211; folkrockov\u00e1 kapelaUtajen\u00e1 Sb\u00edrka B\u00e1sn\u00ed p\u0159etvo\u0159en\u00e1 v p\u00edsn\u011b o v\u00e1\u0161ni, l\u00e1sce, bolesti, fantazii, v\u00ed\u0159e, kr\u00e1se, hv\u011bzd\u00e1ch, receptu na \u0161t\u011bst\u00ed&nbsp; Uk\u00e1zka &hellip; <\/p>\n<p class=\"link-more\"><a href=\"https:\/\/veronikasouckova.cz\/\" class=\"more-link\">Pokra\u010dovat ve \u010dten\u00ed<span class=\"screen-reader-text\"> &#8222;Moje kapely&#8220;<\/span><\/a><\/p>\n","protected":false},"author":2,"featured_media":429,"parent":0,"menu_order":0,"comment_status":"closed","ping_status":"closed","template":"","meta":{"footnotes":""},"class_list":["post-33","page","type-page","status-publish","has-post-thumbnail","hentry"],"_links":{"self":[{"href":"https:\/\/veronikasouckova.cz\/index.php?rest_route=\/wp\/v2\/pages\/33","targetHints":{"allow":["GET"]}}],"collection":[{"href":"https:\/\/veronikasouckova.cz\/index.php?rest_route=\/wp\/v2\/pages"}],"about":[{"href":"https:\/\/veronikasouckova.cz\/index.php?rest_route=\/wp\/v2\/types\/page"}],"author":[{"embeddable":true,"href":"https:\/\/veronikasouckova.cz\/index.php?rest_route=\/wp\/v2\/users\/2"}],"replies":[{"embeddable":true,"href":"https:\/\/veronikasouckova.cz\/index.php?rest_route=%2Fwp%2Fv2%2Fcomments&post=33"}],"version-history":[{"count":41,"href":"https:\/\/veronikasouckova.cz\/index.php?rest_route=\/wp\/v2\/pages\/33\/revisions"}],"predecessor-version":[{"id":757,"href":"https:\/\/veronikasouckova.cz\/index.php?rest_route=\/wp\/v2\/pages\/33\/revisions\/757"}],"wp:featuredmedia":[{"embeddable":true,"href":"https:\/\/veronikasouckova.cz\/index.php?rest_route=\/wp\/v2\/media\/429"}],"wp:attachment":[{"href":"https:\/\/veronikasouckova.cz\/index.php?rest_route=%2Fwp%2Fv2%2Fmedia&parent=33"}],"curies":[{"name":"wp","href":"https:\/\/api.w.org\/{rel}","templated":true}]}}